t is the units digit of 1965?
5
What is the tens digit of 4801?
0
What is the tens digit of 1219?
1
What is the hundreds digit of 770?
7
What is the hundreds digit of 4540?
5
What is the tens digit of 756?
5
What is the ten thousands digit of 10246?
1
What is the hundreds digit of 1793?
7
What is the thousands digit of 7236?
7
What is the units digit of 15578?
8
What is the tens digit of 852?
5
What is the units digit of 539?
9
What is the tens digit of 829?
2
What is the hundreds digit of 7951?
9
What is the units digit of 59602?
2
What is the units digit of 42386?
6
What is the units digit of 6562?
2
What is the thousands digit of 16137?
6
What is the units digit of 93390?
0
What is the units digit of 31794?
4
What is the tens digit of 3381?
8
What is the tens digit of 440?
4
What is the tens digit of 11804?
0
What is the units digit of 884?
4
What is the tens digit of 34288?
8
What is the hundred thousands digit of 102537?
1
What is the hundreds digit of 4573?
5
What is the thousands digit of 1571?
1
What is the hundreds digit of 296?
2
What is the thousands digit of 2628?
2
What is the hundreds digit of 8838?
8
What is the ten thousands digit of 64138?
6
What is the thousands digit of 3561?
3
What is the hundreds digit of 135538?
5
What is the units digit of 267?
7
What is the tens digit of 1674?
7
What is the ten thousands digit of 40380?
4
What is the hundreds digit of 4294?
2
What is the units digit of 14802?
2
What is the hundreds digit of 2554?
5
What is the units digit of 592?
2
What is the thousands digit of 7358?
7
What is the ten thousands digit of 129279?
2
What is the thousands digit of 6650?
6
What is the units digit of 35844?
4
What is the ten thousands digit of 111150?
1
What is the units digit of 4778?
8
What is the units digit of 2393?
3
What is the ten thousands digit of 159159?
5
What is the units digit of 246?
6
What is the hundreds digit of 3593?
5
What is the units digit of 18035?
5
What is the hundreds digit of 110261?
2
What is the tens digit of 4358?
5
What is the tens digit of 12642?
4
What is the tens digit of 111959?
5
What is the units digit of 3252?
2
What is the tens digit of 5550?
5
What is the hundreds digit of 8660?
6
What is the tens digit of 3516?
1
What is the units digit of 4341?
1
What is the tens digit of 435?
3
What is the units digit of 689?
9
What is the ten thousands digit of 20681?
2
What is the hundreds digit of 798?
7
What is the hundreds digit of 3522?
5
What is the hundreds digit of 5470?
4
What is the thousands digit of 2176?
2
What is the hundreds digit of 2230?
2
What is the units digit of 32936?
6
What is the thousands digit of 21125?
1
What is the units digit of 5855?
5
What is the thousands digit of 4749?
4
What is the hundreds digit of 68206?
2
What is the units digit of 4092?
2
What is the tens digit of 3209?
0
What is the units digit of 9151?
1
What is the units digit of 11595?
5
What is the tens digit of 16654?
5
What is the units digit of 876?
6
What is the units digit of 509?
9
What is the hundreds digit of 1643?
6
What is the ten thousands digit of 14508?
1
What is the units digit of 86?
6
What is the units digit of 27309?
9
What is the tens digit of 24096?
9
What is the thousands digit of 4694?
4
What is the tens digit of 20686?
8
What is the tens digit of 4797?
9
What is the thousands digit of 3094?
3
What is the tens digit of 7152?
5
What is the tens digit of 26994?
9
What is the ten thousands digit of 53355?
5
What is the units digit of 3718?
8
What is the ten thousands digit of 14431?
1
What is the tens digit of 665?
6
What is the thousands digit of 2683?
2
What is the hundred thousands digit of 145467?
1
What is the ten thousands digit of 10292?
1
What is the thousands digit of 5210?
5
What is the units digit of 9511?
1
What is the units digit of 59871?
1
What is the units digit of 84063?
3
What is the units digit of 7900?
0
What is the thousands digit of 96900?
6
What is the thousands digit of 2543?
2
What is the thousands digit of 10782?
0
What is the hundreds digit of 946?
9
What is the hundreds digit of 88401?
4
What is the thousands digit of 15152?
5
What is the thousands digit of 28836?
8
What is the thousands digit of 1753?
1
What is the tens digit of 13210?
1
What is the tens digit of 3885?
8
What is the units digit of 25442?
2
What is the hundreds digit of 2982?
9
What is the units digit of 6795?
5
What is the units digit of 1465?
5
What is the ten thousands digit of 26062?
2
What is the ten thousands digit of 79430?
7
What is the ten thousands digit of 87997?
8
What is the ten thousands digit of 89013?
8
What is the thousands digit of 16110?
6
What is the tens digit of 961?
6
What is the tens digit of 9889?
8
What is the thousands digit of 19758?
9
What is the tens digit of 4956?
5
What is the hundreds digit of 12222?
2
What is the units digit of 877?
7
What is the units digit of 24656?
6
What is the tens digit of 4024?
2
What is the units digit of 3355?
5
What is the units digit of 14049?
9
What is the thousands digit of 2594?
2
What is the tens digit of 951?
5
What is the thousands digit of 5561?
5
What is the tens digit of 354?
5
What is the ten thousands digit of 84594?
8
What is the tens digit of 29432?
3
What is the tens digit of 51084?
8
What is the tens digit of 2887?
8
What is the hundreds digit of 9011?
0
What is the thousands digit of 60042?
0
What is the hundreds digit of 3008?
0
What is the units digit of 1190?
0
What is the tens digit of 312?
1
What is the units digit of 582?
2
What is the tens digit of 7218?
1
What is the tens digit of 6830?
3
What is the hundreds digit of 5499?
4
What is the units digit of 3618?
8
What is the tens digit of 70124?
2
What is the units digit of 16257?
7
What is the tens digit of 6514?
1
What is the thousands digit of 3282?
3
What is the tens digit of 6011?
1
What is the hundreds digit of 4302?
3
What is the hundreds digit of 36509?
5
What is the tens digit of 9959?
5
What is the hundreds digit of 96768?
7
What is the tens digit of 19086?
8
What is the units digit of 1618?
8
What is the units digit of 109447?
7
What is the units digit of 4062?
2
What is the thousands digit of 62662?
2
What is the thousands digit of 80711?
0
What is the ten thousands digit of 91336?
9
What is the units digit of 1777?
7
What is the units digit of 5210?
0
What is the tens digit of 1977?
7
What is the units digit of 2142?
2
What is the tens digit of 8292?
9
What is the tens digit of 9143?
4
What is the hundreds digit of 4356?
3
What is the hundreds digit of 335?
3
What is the units digit of 6285?
5
What is the hundreds digit of 1823?
8
What is the hundreds digit of 553?
5
What is the hundreds digit of 9002?
0
What is the units digit of 11259?
9
What is the ten thousands digit of 42113?
4
What is the thousands digit of 35867?
5
What is the units digit of 1765?
5
What is the units digit of 659?
9
What is the thousands digit of 32746?
2
What is the tens digit of 1076?
7
What is the units digit of 1374?
4
What is the hundreds digit of 6499?
4
What is the tens digit of 426?
2
What is the thousands digit of 1071?
1
What is the hundreds digit of 12394?
3
What is the units digit of 1541?
1
What is the tens digit of 1882?
8
What is the hundreds digit of 600?
6
What is the tens digit of 11565?
6
What is the hundreds digit of 3465?
4
What is the tens digit of 9299?
9
What is the thousands digit of 2593?
2
What is the ten thousands digit of 17861?
1
What is the thousands digit of 109095?
9
What is the thousands digit of 2199?
2
What is the thousands digit of 4044?
4
What is the thousands digit of 1414?
1
What is the hundreds digit of 1996?
9
What is the tens digit of 6154?
5
What is the tens digit of 734?
3
What is the hundreds digit of 34715?
7
What is the hundreds digit of 770?
7
What is the hundreds digit of 5866?
8
What is the units digit of 56242?
2
What is the units digit of 33151?
1
What is the tens digit of 780?
8
What is the tens digit of 450?
5
What is the units digit of 477?
7
What is the tens digit of 11569?
6
What is the hundreds digit of 142?
1
What is the tens digit of 5942?
4
What is the tens digit of 4831?
3
What is the hundreds digit of 2708?
7
What is the hundreds digit of 6931?
9
What is the tens digit of 22162?
6
What is the 